24*z + z + 2070 = g. Let b(n) = 2*n + 2. Let s be b(4). What is the greatest common divisor of s and z?
10
Let h = -151 + 5777. Calculate the highest common divisor of 58 and h.
58
Let s be (-8)/(-6) - (-2)/(-6). Let r(n) = -15*n - 180. Let x be r(-13). Let v be (-2)/(s - 25/x). What is the greatest common divisor of 27 and v?
3
Suppose -j = -d + 432, -d + 5*d + j - 1743 = 0. Suppose 0 = -5*a + 2*x + 59, 9490*a - x - 22 = 9488*a. Calculate the highest common divisor of a and d.
15
Let q = -3441 + 6756. Calculate the highest common divisor of 1547 and q.
221
Suppose -26*r + 70 = -21*r. Suppose -7*a = -r*a - 21. Let y be (2 + a/(-3))*12. What is the greatest common factor of 12 and y?
12
Suppose -j - 16 = -2*j + 4*i, -5*i - 20 = -j. Suppose v - 5*m = -4*v + 140, j = 5*m - 10. Let c = 57 - v. What is the highest common divisor of c and 9?
9
Let u(l) = -224*l + 459. Let w be u(2). Let c = -262 + 614. What is the highest common divisor of w and c?
11
Let p be (4/2 + -3)*(-242 + -3). Calculate the greatest common divisor of p and 147.
49
Suppose 42*w - 4633 = -71*w. Let a(s) = 24*s**2 + 3*s - 3. Suppose -5*o - 16 = -o. Let j be a(o). What is the highest common divisor of w and j?
41
Let k be (-10 - 66) + (0 - -1). Let u = 2 - k. Suppose -21 = -2*o - 2*w - 3, -3*o - w = -23. What is the greatest common divisor of u and o?
7
Let z = -3 + 13. Suppose q + 22 = z. Let l be 348/28 - q/21. What is the highest common factor of l and 104?
13
Suppose 4*t = s - 21, 2*s = -s + 5*t + 28. Let b = 9 - s. Calculate the highest common factor of b and 88.
8
Let s be (-8)/(22/11) + (2751/3 - 1). Calculate the greatest common factor of s and 8.
8
Let n(v) = 5*v + 1. Let f be n(-3). Let t be (-60)/f*(-2 + 9). Suppose -4*k = 2*p - 2*k, p - t = 5*k. What is the greatest common divisor of p and 45?
5
Suppose -34*k + 3*k - 14*k + 83160 = 0. What is the highest common factor of k and 2079?
231
Let i(p) = p**3 - 21*p**2 - 19*p + 53. Let v be i(22). Suppose -11*z = -v - 13. What is the greatest common factor of z and 4?
4
Suppose 0 = 3*v + 4*r - 263, -5*r + 202 = 2*v + 15. Let u be (-3)/(-12) - v/(-12). Suppose 3*j + 640 = u*j. What is the highest common divisor of j and 20?
20
Suppose -5*b - 56 = -4*t, 0*t - 4*t + 40 = -b. Suppose 605 = t*m - 259. Calculate the greatest common divisor of m and 32.
32
Let b(v) = v**3 - 2*v**2 - 5*v + 4. Let r be b(3). Let s = r - -5. Suppose -192*m + 47507 + 36694 = 1967*m. Calculate the greatest common divisor of s and m.
3
Let q(p) = 2*p + 21. Let d be q(-12). Let w(x) = -x**2 + x + 8. Let z be w(d). Let s be 3*(-9)/z + (-1)/(-4). Calculate the greatest common factor of 14 and s.
7
Suppose -55*t + 54*t - 16 = 0. Let o be 159 + -5 - t/2. Calculate the highest common divisor of o and 18.
18
Suppose a - 453 = -441. Let i(t) = 6*t - 8. Let p be i(4). What is the greatest common factor of p and a?
4
Let o be ((-786)/(-2358))/(1*(-2)/(-34914)). Calculate the greatest common factor of 11 and o.
11
Let i(o) = 4*o - 14. Let v = -68 - -76. Let h be i(v). Suppose 53*s - 56*s = -h. Calculate the highest common divisor of s and 9.
3
Suppose -r - 27621 = -28*r. Calculate the highest common factor of r and 132.
33
Let s = -260 + 444. What is the greatest common divisor of 152 and s?
8
Let z be 112/(-24)*(-3)/(-2)*-1. Suppose 3*m + c + z = 41, 0 = 5*m - 3*c - 38. Calculate the greatest common divisor of 2 and m.
2
Suppose -20 = -54*v + 55*v + 4*n, 4*v - 4*n - 20 = 0. Suppose 0*c - 520 = -2*c + 4*g, 3*g + 15 = v. What is the greatest common factor of c and 150?
50
Suppose 0 = 3*p + 12, 84 = -v + 2*v - 5*p. Calculate the highest common factor of v and 296.
8
Let d = 5165 - 4954. What is the highest common divisor of d and 12027?
211
Let d = -10943 + 11103. What is the highest common factor of 3824 and d?
16
Let c(l) = -2*l - 1. Let o be c(-4). Suppose -3*w = o + 8. Let r be 12*(0 + (0 - w/4)). What is the greatest common divisor of r and 5?
5
Suppose -538*y = -515*y - 1679. Suppose -2*f = 3*f - 410. Let i = f - y. What is the greatest common divisor of 1 and i?
1
Suppose 3*l = 5*l + 36. Let x be -3*2*3/l. Suppose -20 = 5*q - 3*o, -q + 43*o - 67 = 361. What is the highest common factor of x and q?
1
Suppose 12*w - 17*w + 13223 = 2*k, -2*k + 6*w + 13146 = 0. What is the greatest common divisor of k and 56?
14
Let u be 5*(13/(-1) + 58). What is the highest common factor of u and 275?
25
Let a(f) = -2*f**2 + 7*f - 8. Let u(p) = -p**2 - p + 1. Let z(q) = -a(q) - 2*u(q). Let s be z(3). Calculate the highest common divisor of s and 216.
27
Let f be 1 - 7/5 - (-18)/45. Suppose f = -5*p + 228 + 17. Suppose -11*x - p = -12*x. What is the greatest common divisor of x and 21?
7
Let p = 6281 - 5868. What is the highest common divisor of 21 and p?
7
Let h(v) = -v**3 + 8*v**2 + 119*v - 196. Let b be h(15). Calculate the highest common factor of 11662 and b.
14
Suppose 16*p = -119 + 455. Calculate the highest common divisor of p and 5019.
21
Let s(a) = 13*a**2 + 39*a + 10. Let q be s(-3). Calculate the highest common divisor of q and 1080.
10
Let u(a) = -a**3 - 30*a**2 - 34*a - 71. Let x be u(-29). Suppose -902 = -x*s + 72*s. What is the highest common divisor of s and 11?
11
Suppose 10*p - 2*u = 13*p - 50, 2*p - u - 31 = 0. Calculate the greatest common divisor of p and 68.
4
Let q(d) = 106*d + 3312. Let l be q(97). What is the highest common divisor of l and 14?
14
Let s(q) = 2436*q**2 + 40*q + 1. Let m be s(-1). What is the greatest common divisor of 51 and m?
51
Suppose -13*p = 2*p + 180. Let g(s) = -3*s + 5. Let a(i) = 1. Let z(k) = p*a(k) + 3*g(k). Let w be z(-3). What is the highest common factor of 45 and w?
15
Let g(v) = v**2 + 13*v - 50. Let b be g(-14). Let f = b - -53. What is the greatest common factor of 187 and f?
17
Let u be (10/(-70) - 106/(-7)) + 10. Let q(f) = 4*f**2 - 9*f - 8. Let o be q(7). What is the highest common factor of u and o?
25
Let f be 2*(-19)/(-418) + 1044/11. What is the highest common divisor of f and 50?
5
Let w(p) = p**3 + 7*p**2 + 5*p + 11. Let g be w(-3). Let m be (-7 + 67)/3 - 4. What is the highest common divisor of g and m?
16
Suppose -19929 = -90*r + 51*r. Calculate the highest common factor of r and 287.
7
Suppose 0 = -6*t - 4*t + 950. Let n = 130 - t. Suppose n = 2*u - 13. What is the greatest common factor of u and 24?
24
Suppose -3*q + 3*w - w - 13 = 0, -q + 5*w - 26 = 0. Let x be ((-326)/489)/(q/72*1). Calculate the greatest common factor of x and 56.
8
Let q = 937 - 945. Suppose 32 = 2*h - 30. Let x = q + h. Calculate the highest common factor of 161 and x.
23
Let b(i) = -i**3 + 15*i + 2. Let s be b(-6). What is the greatest common factor of s and 1952?
32
Let q be (-2600)/(-14 + 10) + -13. What is the highest common divisor of q and 416?
13
Suppose 5*w - 15128 = -4*p, -78*w = -77*w - 8. What is the greatest common factor of p and 828?
92
Suppose 5*h - 316 - 704 = 2*s, 849 = 4*h + 5*s. Let o = -188 + h. Calculate the highest common factor of 81 and o.
9
Let h be 175/245 + 2075/35. Calculate the highest common factor of h and 3045.
15
Let i(h) = -h**2 - 15*h - 12. Let y be i(-9). Let l be 6/((-14)/(-49) + 2/y). Suppose 0 = b + 28 - 100. What is the highest common factor of l and b?
18
Let o = 0 - -10. Suppose 4*u = 4*t - 2024, -4*t = -0*t - u - 2021. Suppose -o*g + 1295 + t = 0. Calculate the highest common divisor of g and 12.
12
Let z = -3257 + 3305. Suppose -324 = 5*y + 26. Let f = -38 - y. What is the greatest common divisor of f and z?
16
Let d be 4 - -8*(75/(-20))/3. Let i be (-20)/1*(-13)/d*-3. Calculate the greatest common factor of i and 78.
26
Let r(w) = w**3 - 6*w**2 - 13*w + 11. Let u be r(6). Let q = u + 83. Suppose -2*f + 5 - 1 = 0. What is the greatest common factor of q and f?
2
Let d(y) = 3*y**2 + 173*y - 1954. Let a be d(11). What is the greatest common divisor of a and 2002?
26
Suppose 5*s + 614 + 483 = 2*w, w + 2*s = 517. What is the greatest common factor of 3009 and w?
177
Let v(t) = -t**3 - t**3 - 23*t**2 + 9 + t**3 + 23*t. Let o be v(-24). Suppose o - 8 = 5*p. Calculate the greatest common factor of p and 10.
5
Let y(a) = -2*a**3 - 22*a**2 - 21*a - 12. Let j be y(-10). Let c(f) = 17*f**2 - 31*f - 58. Let x be c(j). Calculate the greatest common factor of 24 and x.
24
Suppose -410 = -10*j + 5*j. Let